 2) to base 3
-11
What is 7 (base 16) in base 10?
7
Convert -1120 (base 3) to base 2.
-101010
What is -4 (base 8) in base 12?
-4
Convert -7 (base 8) to base 5.
-12
Convert 2 (base 9) to base 2.
10
Convert -2 (base 14) to base 7.
-2
Convert 330 (base 8) to base 7.
426
What is 2 (base 6) in base 12?
2
What is -30 (base 4) in base 12?
-10
Convert 0 (base 6) to base 12.
0
Convert -1 (base 13) to base 4.
-1
Convert 1 (base 11) to base 4.
1
-2 (base 16) to base 4
-2
Convert -119 (base 10) to base 5.
-434
124 (base 9) to base 10
103
-2 (base 16) to base 6
-2
10 (base 3) to base 2
11
5a (base 14) to base 9
88
2 (base 3) to base 8
2
What is -3 (base 14) in base 5?
-3
Convert 6 (base 8) to base 4.
12
Convert 264 (base 8) to base 14.
cc
Convert -162 (base 9) to base 8.
-211
-35 (base 12) to base 13
-32
-3 (base 13) to base 10
-3
0 (base 7) to base 16
0
What is 1 (base 6) in base 4?
1
-24 (base 6) to base 14
-12
-2 (base 14) to base 9
-2
13 (base 7) to base 6
14
What is 14 (base 11) in base 5?
30
-10 (base 12) to base 9
-13
What is -30 (base 13) in base 12?
-33
-1 (base 5) to base 9
-1
What is -12 (base 10) in base 15?
-c
5 (base 6) to base 11
5
-15 (base 16) to base 8
-25
What is 15 (base 15) in base 3?
202
Convert 1 (base 5) to base 16.
1
Convert -51 (base 7) to base 10.
-36
Convert 11 (base 3) to base 2.
100
-324 (base 8) to base 7
-422
Convert -4 (base 11) to base 13.
-4
Convert 11 (base 3) to base 4.
10
-112 (base 3) to base 7
-20
-2 (base 16) to base 14
-2
-6 (base 8) to base 14
-6
Convert -2 (base 5) to base 11.
-2
Convert -320 (base 4) to base 10.
-56
Convert 1 (base 13) to base 16.
1
120 (base 4) to base 3
220
What is -110 (base 2) in base 3?
-20
-e (base 15) to base 4
-32
Convert -20 (base 6) to base 13.
-c
Convert 0 (base 2) to base 10.
0
-16 (base 12) to base 16
-12
-16 (base 11) to base 13
-14
What is a (base 12) in base 7?
13
Convert 1 (base 12) to base 2.
1
What is 1a1 (base 14) in base 10?
337
Convert 34 (base 7) to base 16.
19
Convert -5 (base 15) to base 12.
-5
-21 (base 3) to base 9
-7
What is -1 (base 3) in base 6?
-1
Convert 100 (base 2) to base 12.
4
11122 (base 3) to base 15
85
45 (base 16) to base 9
76
What is -11 (base 8) in base 2?
-1001
What is 5 (base 7) in base 11?
5
What is -4 (base 8) in base 12?
-4
Convert -65 (base 9) to base 8.
-73
Convert 112 (base 4) to base 7.
31
Convert -97 (base 13) to base 16.
-7c
What is 83 (base 9) in base 14?
55
3 (base 5) to base 14
3
Convert 7 (base 10) to base 9.
7
Convert 2a (base 14) to base 16.
26
What is 13 (base 15) in base 11?
17
What is 7 (base 14) in base 6?
11
1 (base 13) to base 4
1
-131 (base 4) to base 3
-1002
Convert -13 (base 12) to base 13.
-12
What is 6 (base 9) in base 13?
6
What is 8a (base 11) in base 10?
98
What is 18 (base 14) in base 2?
10110
Convert 106 (base 13) to base 6.
451
9 (base 13) to base 11
9
-1 (base 11) to base 6
-1
Convert -100 (base 4) to base 6.
-24
-116 (base 9) to base 2
-1100000
What is 4 (base 13) in base 8?
4
-1 (base 10) to base 6
-1
-2 (base 9) to base 11
-2
Convert a (base 15) to base 3.
101
What is 0 (base 9) in base 4?
0
Convert 20 (base 3) to base 4.
12
Convert -3 (base 6) to base 14.
-3
Convert 4 (base 15) to base 2.
100
Convert -4 (base 15) to base 14.
-4
What is 2 (base 9) in base 16?
2
What is -323 (base 7) in base 12?
-118
Convert 250 (base 6) to base 10.
102
Convert -1220 (base 6) to base 10.
-300
Convert 35 (base 9) to base 15.
22
Convert -4 (base 9) to base 13.
-4
-9 (base 13) to base 15
-9
What is 31 (base 7) in base 6?
34
133 (base 12) to base 15
c3
Convert 157 (base 15) to base 9.
371
Convert -11 (base 7) to base 9.
-8
a9 (base 11) to base 16
77
Convert -9 (base 13) to base 10.
-9
1110001 (base 2) to base 5
423
Convert -4 (base 14) to base 8.
-4
What is -2 (base 7) in base 15?
-2
Convert -72 (base 15) to base 7.
-212
Convert 2 (base 4) to base 12.
2
Convert -102 (base 4) to base 3.
-200
Convert 111 (base 2) to base 5.
12
-2 (base 12) to base 7
-2
What is 111111 (base 2) in base 12?
53
Convert 62 (base 8) to base 9.
55
Convert 7 (base 11) to base 6.
11
What is 1320 (base 4) in base 13?
93
Convert -111 (base 2) to base 7.
-10
What is -141 (base 10) in base 7?
-261
-12 (base 6) to base 5
-13
4 (base 15) to base 9
4
What is -201 (base 6) in base 13?
-58
Convert -130 (base 7) to base 8.
-106
What is 12212 (base 3) in base 12?
112
-29 (base 10) to base 7
-41
Convert 87 (base 10) to base 12.
73
What is 1 (base 7) in base 10?
1
What is 2 (base 9) in base 2?
10
What is -1 (base 5) in base 13?
-1
Convert 23 (base 7) to base 10.
17
What is -7 (base 8) in base 12?
-7
Convert -12 (base 3) to base 15.
-5
-2 (base 12) to base 14
-2
5 (base 10) to base 7
5
-3 (base 12) to base 4
-3
What is -111111 (base 2) in base 3?
-2100
Convert -6 (base 10) to base 15.
-6
4 (base 15) to base 4
10
-10 (base 15) to base 13
-12
Convert 25 (base 9) to base 7.
32
What is 71 (base 10) in base 12?
5b
Convert 58 (base 10) to base 14.
42
-4b (base 16) to base 14
-55
What is 121 (base 14) in base 12?
169
Convert -10 (base 5) to base 15.
-5
Convert 201 (base 3) to base 12.
17
Convert -100000 (base 2) to base 11.
-2a
Convert 3 (base 12) to base 5.
3
What is -13 (base 10) in base 12?
-11
What is 327 (base 8) in base 4?
3113
Convert -7 (base 16) to base 7.
-10
Convert 8 (base 16) to base 6.
12
What is 1 (base 10) in base 11?
1
-1 (base 6) to base 5
-1
Convert 230 (base 7) to base 2.
1110111
46 (base 9) to base 7
60
Convert a6 (base 12) to base 3.
11200
314 (base 6) to base 10
118
Convert -1 (base 7) to base 3.
-1
Convert -50 (base 9) to base 2.
-101101
What is b (base 13) in base 9?
12
-1 (base 5) to base 9
-1
-3 (base 7) to base 4
-3
Convert 26 (base 8) to base 4.
112
0 (base 4) to base 3
0
What is 4 (base 7) in base 9?
4
4 (base 6) to base 10
4
What is -2 (base 4) in base 6?
-2
-120 (base 7) to base 16
-3f
Convert 42 (base 7) to base 2.
11110
-3e (base 15) to base 2
-111011
31 (base 12) to base 10
37
Convert -88 (base 16) to base 3.
-12001
What is -22 (base 4) in base 12?
-a
Convert 0 (base 4) to base 12.
0
Convert -10 (base 3) to base 10.
-3
Convert -12022 (base 3) to base 4.
-2033
-110 (base 3) to base 13
-c
Convert 0 (base 9) to base 10.
0
Convert -2022 (base 3) to base 11.
-57
What is 2 (base 10) in base 9?
2
Convert -10 (base 2) to base 9.
-2
-4 (base 14) to base 15
-4
What is -b (base 12) in base 2?
-1011
What is 5 (base 8) in base 6?
5
What is -113 (base 5) in base 12?
-29
Convert -3 (base 4) to base 3.
-10
What is 2 (base 10) in base 8?
2
Convert 27 (base 9) to base 3.
221
Convert 1220 (base 5) to base 12.
135
What is 3 (base 14) in base 13?
3
-21212 (base 3) to base 4
-3110
Convert 115 (base 8) to base 10.
77
What is -2 (base 4) in base 7?
-2
What is -85 (base 10) in base 7?
-151
What is 10a (base 14) in base 16?
ce
202 (base 12) to base 11
244
Convert 5 (base 14) to base 10.
5
44 (base 13) to base 5
211
-3001 (base 4) to base 9
-234
-110121 (base 3) to base 15
-17a
Convert -a (base 14) to base 15.
-a
What is -70 (base 13) in base 15?
-61
Convert 10 (base 4) to base 3.
11
-30 (base 6) to base 13
-15
Convert 4 (base 13) to base 2.
100
Convert -3 (base 15) to base 12.
-3
What is -32 (base 9) in base 10?
-29
31 (base 9) to base 16
1c
-164 (base 10) to base 9
-202
What is 63 (base 14) in base 3?
10020
1 (base 13) to base 2
1
Convert 2 (base 9) to base 10.
2
Convert -10 (base 10) to base 4.
-22
What is -3 (base 11) in base 10?
-3
Convert 85 (base 16) to base 6.
341
What is fa (base 16) in base 9?
307
Convert 10 (base 3) to base 9.
3
Convert 1 (base 9) to base 13.
1
What is -1 (base 10) in base 3?
-1
3 (base 6) to base 7
3
What is -420 (base 5) in base 7?
-215
148 (base 10) to base 13
b5
0 (base 7) to base 9
0
What is -ac (base 14) in base 10?
-152
Convert 26 (base 7) to base 11.
19
13 (base 16) to base 5
34
Convert 15 (base 13) to base 10.
18
Convert 3 (base 5) to base 2.
11
What is -4 (base 7) in base 14?
-4
What is -1 (base 13) in base 7?
-1
-3b (base 12) to base 14
-35
What is -423 (base 7) in base 2?
-11010101
What is -7 (base 12) in base 3?
-21
Convert -11110 (base 3) to base 6.
-320
Convert 2 (base 3) to base 14.
2
7 (base 8) to base 2
111
Convert -5 (base 13) to base 5.
-10
45 (base 7) to base 10
33
2 (base 9) to base 15
2
101 (base 2) to base 8
5
Convert -5d 